hat is the greatest common divisor of l and s?
9
Let u(r) = -2*r**3 - 29*r**2 - 26*r + 1. Let z be u(-14). Calculate the greatest common factor of z and 13.
13
Let p = -30 + 34. Let f be -4 - 1*(p + -1). Let g be (-2 - f)*288/30. Calculate the highest common divisor of 6 and g.
6
Let b = 70 + -38. Let j = b - 26. What is the greatest common divisor of j and 3?
3
Suppose -7*v - 7 + 42 = 0. Suppose 0*b + v*w - 17 = b, -3*w + 55 = 5*b. What is the greatest common factor of b and 8?
8
Let c(i) = -3*i - 7. Let d be c(-5). Suppose -5 = -5*q + 5*b, 4*q - 1 = 9*q + b. Suppose q*m + 168 = 3*m. What is the greatest common factor of m and d?
8
Let h(r) = 42*r**2 - 72*r + 390. Let k be h(6). Calculate the greatest common divisor of 30 and k.
30
Suppose -16*p = -15*p - 6. Calculate the greatest common factor of 102 and p.
6
Suppose -5*n - 3*r = -16, 5*r - 2 = 3*n + 2. Suppose 525 = 3*w + n*w. What is the highest common factor of w and 21?
21
Let m = -19 - -24. Suppose -m - 19 = -2*p - 4*z, 3*z = -3*p + 30. Calculate the greatest common divisor of 72 and p.
8
Let z be (170/(-4))/((-13)/130). Calculate the highest common factor of 75 and z.
25
Suppose 7*l = 23*l - 960. What is the highest common factor of 345 and l?
15
Let k(y) = 2*y**2 + 3*y - 5. Suppose 4*v + 10 = 2*v. Let n be k(v). Calculate the greatest common divisor of 20 and n.
10
Suppose -2*q = -4*v + 66, 5*v - 12 = 4*v - q. Let t = 2 + 0. Suppose -5*l = -4*d + 35, -3 = t*d + l - 38. Calculate the greatest common divisor of d and v.
15
Suppose 3*c + 3*q - 15 = 0, 3*q = -5*c + q + 22. Suppose -5*x - c = -k, -6*k - 3*x = -k - 104. What is the greatest common factor of 76 and k?
19
Let j(x) = 4*x + 4. Let k be 5/(5/9) - 2. Let l be j(k). Let z(n) = 4*n. Let v be z(1). Calculate the highest common factor of l and v.
4
Let y be 69 - 1 - (-1 + 2 + -2). Suppose 115 = 4*p + p. Calculate the greatest common factor of p and y.
23
Suppose 5*y - 3*y - 18 = 0. Let x = -121 - -184. Calculate the greatest common factor of y and x.
9
Let b(r) = -r**3 - 21*r**2 - r + 51. Let o be b(-21). What is the greatest common factor of 45 and o?
9
Let s = 105 - 42. Suppose -2*u - 22 = -4*u. Suppose -g + u = a, -3*g - 19 = -4*g - 3*a. What is the greatest common factor of g and s?
7
Let u = -209 + 277. What is the greatest common factor of u and 884?
68
Let b = 366 + -118. Let f = b + -176. What is the highest common divisor of f and 9?
9
Suppose 3*y = g + 354, 46 = y - g - 74. Let p be -2 - -1 - (-8 - 6/1). What is the highest common divisor of p and y?
13
Suppose -558*z = -575*z + 306. What is the greatest common factor of z and 294?
6
Let h be ((-4 - 646)/5)/(-1). Calculate the greatest common factor of 585 and h.
65
Let q be (-56)/32 - -2 - (-95)/20. Calculate the highest common factor of 10 and q.
5
Let i = 5 + -2. Let q be ((-20)/12)/(-5) - (-294)/9. Calculate the highest common factor of q and i.
3
Let v be (4/(-10))/((-17)/680). Let l be -6*2*160/(-24). What is the highest common factor of l and v?
16
Let l(m) = -2*m**3 + 3*m**2 + 10*m + 9. Let h be l(-3). What is the highest common divisor of 75 and h?
15
Let y = 29 + -34. Let g be ((-15)/(-4))/(y + 1089/216). Suppose -4*v - 2*x + 52 = v, -53 = -5*v - 3*x. Calculate the highest common divisor of g and v.
10
Let b(f) = -7*f + 8. Let s be b(-2). Calculate the highest common divisor of 682 and s.
22
Suppose -2*a - 6 = -y - 5*a, 0 = -2*y + 5*a + 12. What is the greatest common factor of y and 438?
6
Let h be (-1 - -75) + 1 + -9. Calculate the greatest common factor of 209 and h.
11
Suppose 0 = -5*z + 3*z - 36. Let s be 2*3/z*-1617. Calculate the greatest common divisor of 49 and s.
49
Let n(h) = 7*h - 5. Let r(t) = -8*t + 6. Let w(k) = -5*n(k) - 4*r(k). Let b be w(5). Let a be 1/(1/1) - b. Calculate the highest common factor of 45 and a.
15
Let k = -3480 + 3488. Suppose 0 = 5*r - 9 - 1. Suppose 3*f = -2*v + 254, 4*v = -f + r*v + 78. What is the greatest common factor of k and f?
8
Let i be 0 + 1 - (-17 - 0). Suppose 266 = -20*t + 22*t. Let y = t - 61. What is the greatest common divisor of i and y?
18
Suppose -2*a - a = -60. Let f(s) = -5*s - 55. Let m be f(6). Let l = a - m. What is the greatest common divisor of l and 15?
15
Let p be -15 - 19/(266/(-630)). Suppose 2*i = 3*i - 10. What is the highest common factor of i and p?
10
Let i be 0 - 2*1*-6. Suppose 36*a = 43*a - 21. Suppose 0 = -3*p + h + 33, a*h = 2*p + h - 18. Calculate the highest common factor of p and i.
12
Let p be (-1)/3 - 1050/(-126). Calculate the greatest common factor of 112 and p.
8
Suppose 1658 + 498 = 49*w. Calculate the greatest common divisor of w and 198.
22
Suppose -4840 = -66*u + 56*u. Calculate the greatest common divisor of 44 and u.
44
Let l(n) = 1213*n - 7. Let u be l(1). What is the greatest common divisor of u and 18?
18
Suppose -7*l + 5*p = -2*l + 55, 4*l - 3*p + 40 = 0. Let c be (4*l/(-21))/((-1)/(-39)). Calculate the greatest common factor of 39 and c.
13
Let j = 81 + 51. What is the greatest common factor of 990 and j?
66
Let h(u) = -u**3 + 10*u**2 - 9*u - 5. Let r be h(7). Let c = -58 + r. What is the greatest common divisor of c and 168?
21
Suppose 5*r - 5*y = 690, 2*y + 2*y - 568 = -4*r. Suppose 5*x - 30 = 70. What is the greatest common divisor of r and x?
20
Let s be ((-2)/(-2))/(1/(-3)) + 81. Suppose 0 = 3*l - 0*l - s. Let w = -13 - -26. What is the greatest common factor of w and l?
13
Let s(r) = 6*r - 7. Let v be s(5). Suppose 2*k - 301 = -3*l + 170, 0 = l + 4*k - 137. Calculate the highest common factor of v and l.
23
Let u be 2*(-1 - (-84)/8). Suppose 16*t = u*t - 264. What is the highest common factor of t and 16?
8
Let x = 12 + 14. Suppose 82 = 5*g - 3*g - 2*w, -2 = w. Calculate the greatest common divisor of x and g.
13
Suppose 4*q = 8*q + 12, 4*u + 3*q - 4247 = 0. What is the greatest common factor of u and 224?
56
Suppose 0 = -7*i + 3407 - 1342. What is the greatest common factor of 5 and i?
5
Suppose -2*s = -2*v + 4, -5*s + 2*s - 2 = v. Let t(g) = 30*g + 2. Let u be t(v). Calculate the greatest common divisor of u and 8.
8
Let q = 148 - 143. Calculate the greatest common factor of q and 15.
5
Let r be 26 + -26 + 3/((-6)/(-172)). What is the greatest common factor of 258 and r?
86
Let s(j) = -j + 16. Let f be s(24). Let l be ((-84)/f + -6)/((-2)/(-32)). Calculate the highest common divisor of l and 8.
8
Let u = -16 - -18. Suppose -3*l - l = -u*f - 2, 13 = f + 5*l. Suppose 5*q = -2*p - 7, -15 + 40 = 4*p - f*q. Calculate the greatest common divisor of 1 and p.
1
Suppose 649*f = 659*f - 540. Calculate the highest common factor of 12 and f.
6
Let d(l) = -6*l + 13*l**2 - 11*l**2 + 4*l - 4 - 4*l. Let i be d(10). Calculate the greatest common divisor of 17 and i.
17
Let w = 424 - 388. Calculate the greatest common factor of 342 and w.
18
Suppose 0 = 5*u + u - 30. Suppose j - 42 = -u*m, 0*j - 4*j - 21 = -m. What is the greatest common divisor of m and 45?
9
Suppose -3*j - 3*z + 66 = 0, -j - 116 = -5*j + 3*z. Suppose -n = -4*n + 39. What is the highest common factor of j and n?
13
Let l be (144/84)/(-1*5/(-35)). Suppose 4*v - 9 = 15. Let z = 12 - v. What is the greatest common divisor of l and z?
6
Suppose 3*a - o - 55 = 0, -1 = a + 2*o - 31. Suppose -6*m = 3*m - 639. Let i = 131 - m. What is the highest common factor of a and i?
20
Let w(q) = -7*q + 6. Let m be w(-5). Let l = 71 - m. Calculate the highest common factor of 45 and l.
15
Let t(w) = -15*w - 2. Let g be t(-1). Suppose h + g = 2*u + u, u + 4*h = 13. Suppose -q - 52 = -u*q. Calculate the highest common divisor of q and 13.
13
Let u be (-2 + -8)*(-17 + 9) - -1. What is the greatest common factor of 36 and u?
9
Let p = 22 - 22. Suppose p = -3*r - r + 100. Calculate the greatest common factor of r and 175.
25
Let n be ((-180)/(-25))/((-6)/(-20)) - 2. What is the highest common divisor of n and 242?
22
Suppose -6*r = -5*r + 15. Let a = r - -37. What is the highest common divisor of a and 2?
2
Let s = -1515 + 2124. Suppose 5*f - 5*g = 21 + s, -f = 3*g - 118. What is the highest common factor of 31 and f?
31
Suppose 140 = 2*n - 0*n. Let c(l) = l**2 + 3*l - 12. Let m be ((-24)/15)/(3/15). Let f be c(m). What is the greatest common divisor of f and n?
14
Let c(n) = -77*n**3 - 2*n**2 + 2*n + 4. Let w be c(-1). What is the